{"id":1534,"date":"2021-06-21T09:40:04","date_gmt":"2021-06-21T09:40:04","guid":{"rendered":"https:\/\/micdrop.qodeinteractive.com\/?page_id=1534"},"modified":"2024-12-06T09:09:46","modified_gmt":"2024-12-06T08:09:46","slug":"about-me-2","status":"publish","type":"page","link":"https:\/\/www.majself.sk\/index.php\/about-me-2\/","title":{"rendered":"BIO"},"content":{"rendered":"\t\t<div data-elementor-type=\"wp-page\" data-elementor-id=\"1534\" class=\"elementor elementor-1534\" data-elementor-post-type=\"page\">\n\t\t\t\t\t\t<section class=\"elementor-section elementor-top-section elementor-element elementor-element-9299f2a elementor-section-content-middle qodef-elementor-content-grid elementor-section-boxed elementor-section-height-default elementor-section-height-default\" data-id=\"9299f2a\" data-element_type=\"section\">\n\t\t\t\t\t\t<div class=\"elementor-container elementor-column-gap-default\">\n\t\t\t\t\t<div class=\"elementor-column elementor-col-100 elementor-top-column elementor-element elementor-element-9efabdd\" data-id=\"9efabdd\" data-element_type=\"column\">\n\t\t\t<div class=\"elementor-widget-wrap elementor-element-populated\">\n\t\t\t\t\t\t<div class=\"elementor-element elementor-element-9dded72 elementor-widget__width-initial elementor-widget-mobile__width-inherit elementor-widget elementor-widget-micdrop_core_section_title\" data-id=\"9dded72\" data-element_type=\"widget\" data-widget_type=\"micdrop_core_section_title.default\">\n\t\t\t\t<div class=\"elementor-widget-container\">\n\t\t\t<div class=\"qodef-shortcode qodef-m  qodef-section-title qodef-alignment--left   \">\n\t\t\t<h1 class=\"qodef-m-title\" style=\"margin: -5px 0px 0px 0px\">\n\t\t\t\t\tMichael \u0160vehla\t\t\t<\/h1>\n\t\t\t<div class=\"qodef-m-button\" >\n\t\t\t\t\t\t\t\t\t\t\t\t\t\t\t<\/div>\n<\/div>\n\t\t<\/div>\n\t\t\t\t<\/div>\n\t\t\t\t<div class=\"elementor-element elementor-element-a3bf42a elementor-widget__width-initial elementor-widget elementor-widget-text-editor\" data-id=\"a3bf42a\" data-element_type=\"widget\" data-widget_type=\"text-editor.default\">\n\t\t\t\t<div class=\"elementor-widget-container\">\n\t\t\t<style>\/*! elementor - v3.20.0 - 26-03-2024 *\/\n.elementor-widget-text-editor.elementor-drop-cap-view-stacked .elementor-drop-cap{background-color:#69727d;color:#fff}.elementor-widget-text-editor.elementor-drop-cap-view-framed .elementor-drop-cap{color:#69727d;border:3px solid;background-color:transparent}.elementor-widget-text-editor:not(.elementor-drop-cap-view-default) .elementor-drop-cap{margin-top:8px}.elementor-widget-text-editor:not(.elementor-drop-cap-view-default) .elementor-drop-cap-letter{width:1em;height:1em}.elementor-widget-text-editor .elementor-drop-cap{float:left;text-align:center;line-height:1;font-size:50px}.elementor-widget-text-editor .elementor-drop-cap-letter{display:inline-block}<\/style>\t\t\t\t<p>Umeleck\u00fdm menom <b>Majself<\/b>, je slovensk\u00fd <a class=\"mw-redirect\" title=\"Rap (hudba)\" href=\"https:\/\/sk.wikipedia.org\/wiki\/Rap_(hudba)\">raper<\/a> a hudobn\u00edk. Svoju prv\u00fa skladbu vydal v roku <a title=\"2006\" href=\"https:\/\/sk.wikipedia.org\/wiki\/2006\">2006<\/a>, naplno sa hudbe venuje od roku <a title=\"2010\" href=\"https:\/\/sk.wikipedia.org\/wiki\/2010\">2010<\/a>.\u00a0<\/p>\t\t\t\t\t\t<\/div>\n\t\t\t\t<\/div>\n\t\t\t\t<section class=\"elementor-section elementor-inner-section elementor-element elementor-element-51b24fc elementor-section-full_width elementor-section-height-default elementor-section-height-default qodef-elementor-content-no\" data-id=\"51b24fc\" data-element_type=\"section\">\n\t\t\t\t\t\t<div class=\"elementor-container elementor-column-gap-default\">\n\t\t\t\t\t<div class=\"elementor-column elementor-col-100 elementor-inner-column elementor-element elementor-element-974e647\" data-id=\"974e647\" data-element_type=\"column\">\n\t\t\t<div class=\"elementor-widget-wrap elementor-element-populated\">\n\t\t\t\t\t\t<div class=\"elementor-element elementor-element-a8c90a6 elementor-widget__width-initial elementor-widget elementor-widget-text-editor\" data-id=\"a8c90a6\" data-element_type=\"widget\" data-widget_type=\"text-editor.default\">\n\t\t\t\t<div class=\"elementor-widget-container\">\n\t\t\t\t\t\t\t<p>M\u00e1 na konte vydanie siedmich albumov: <i>Siedmy archanjel<\/i> (2012), <i>Parf\u00e9m<\/i> (2013), <i>Eden<\/i> (2015), <i>Neptun<\/i> (2016), <i>Trip<\/i>(2017), <i>Romeo a J\u00falia<\/i> (2019) a <i>Porcel\u00e1n<\/i> (2021). Skladba \u201eTalizman\u201c, poch\u00e1dzaj\u00faca z albumu <i>Trip<\/i>, sa stala r\u00e1diov\u00fdm hitom a p\u00e4\u0165kr\u00e1t po sebe vyhrala hitpar\u00e1du r\u00e1dia <a title=\"Europa 2\" href=\"https:\/\/sk.wikipedia.org\/wiki\/Europa_2\">Europa 2<\/a> <sup>[<a title=\"Pomoc:Referencie\" href=\"https:\/\/sk.wikipedia.org\/wiki\/Pomoc:Referencie\"><span class=\"ch\u00fdba_zdroj\" title=\"Predch\u00e1dzaj\u00face tvrdenie je potrebn\u00e9 dolo\u017ei\u0165 zdrojom\">ch\u00fdba zdroj<\/span><\/a>]<\/sup>, \u010d\u00edm otvorila Majselfovi dvere k \u0161ir\u0161iemu publiku<\/p>\t\t\t\t\t\t<\/div>\n\t\t\t\t<\/div>\n\t\t\t\t<div class=\"elementor-element elementor-element-d962f52 elementor-widget elementor-widget-text-editor\" data-id=\"d962f52\" data-element_type=\"widget\" data-widget_type=\"text-editor.default\">\n\t\t\t\t<div class=\"elementor-widget-container\">\n\t\t\t\t\t\t\t<div id=\"ui-id-6\" class=\"qodef-accordion-content ui-accordion-content ui-corner-bottom ui-helper-reset ui-widget-content ui-accordion-content-active\" role=\"tabpanel\" aria-labelledby=\"ui-id-5\" aria-hidden=\"false\"><div class=\"qodef-accordion-content-inner\"><p>V roku 2018 sa Majself stal Objavom roka na hudobn\u00fdch cen\u00e1ch r\u00e1dia <a title=\"Europa 2\" href=\"https:\/\/sk.wikipedia.org\/wiki\/Europa_2\">Europa 2<\/a>.<sup id=\"cite_ref-1\" class=\"reference\"><a href=\"https:\/\/sk.wikipedia.org\/wiki\/Majself#cite_note-1\">[1]<\/a><\/sup> Majself spolupracoval s kapelou <a title=\"Desmod\" href=\"https:\/\/sk.wikipedia.org\/wiki\/Desmod\">Desmod<\/a> na skladbe \u201eKom\u00e9ta\u201c, ktor\u00e1 vznikla ako tituln\u00e1 skladba ku kinohitu <i>Gump: Pes, ktor\u00fd nau\u010dil \u013eud\u00ed \u017ei\u0165<\/i>. Nieko\u013eko mesiacov viedla rebr\u00ed\u010dek r\u00e1diovej hranosti na Slovensku a posluch\u00e1\u010di ju zaradili na popredn\u00fa prie\u010dku rebr\u00ed\u010dka Hit storo\u010dia <a title=\"R\u00e1dio Expres\" href=\"https:\/\/sk.wikipedia.org\/wiki\/R%C3%A1dio_Expres\">r\u00e1dia Expres<\/a> <sup>[<a title=\"Pomoc:Referencie\" href=\"https:\/\/sk.wikipedia.org\/wiki\/Pomoc:Referencie\"><span class=\"ch\u00fdba_zdroj\" title=\"Predch\u00e1dzaj\u00face tvrdenie je potrebn\u00e9 dolo\u017ei\u0165 zdrojom\">ch\u00fdba zdroj<\/span><\/a>]<\/sup>. Pri pr\u00edle\u017eitosti Majstrovstiev Eur\u00f3py vo futbale hr\u00e1\u010dov do 19 rokov 2022 sa podie\u013eal na pr\u00edprave futbalovej hymny s n\u00e1zvom \u201eZa jeden t\u00edm\u201c, ktor\u00e1 mlad\u00e9 slovensk\u00e9 talenty sprev\u00e1dzala po\u010das ich postupu na MS 2023<\/p><\/div><\/div>\t\t\t\t\t\t<\/div>\n\t\t\t\t<\/div>\n\t\t\t\t\t<\/div>\n\t\t<\/div>\n\t\t\t\t\t<\/div>\n\t\t<\/section>\n\t\t\t\t<section class=\"elementor-section elementor-inner-section elementor-element elementor-element-ae24f51 elementor-section-full_width elementor-section-height-default elementor-section-height-default qodef-elementor-content-no\" data-id=\"ae24f51\" data-element_type=\"section\">\n\t\t\t\t\t\t<div class=\"elementor-container elementor-column-gap-default\">\n\t\t\t\t\t<div class=\"elementor-column elementor-col-100 elementor-inner-column elementor-element elementor-element-55f5981\" data-id=\"55f5981\" data-element_type=\"column\">\n\t\t\t<div class=\"elementor-widget-wrap elementor-element-populated\">\n\t\t\t\t\t\t<div class=\"elementor-element elementor-element-3e8a117 elementor-widget elementor-widget-micdrop_core_button\" data-id=\"3e8a117\" data-element_type=\"widget\" data-widget_type=\"micdrop_core_button.default\">\n\t\t\t\t<div class=\"elementor-widget-container\">\n\t\t\t<a class=\"qodef-shortcode qodef-m  qodef-button qodef-layout--filled qodef-size--large qodef-html--link\" href=\"\" target=\"_self\"  >\n\t<span class=\"qodef-m-text\">Albumy<\/span>\n<\/a>\n\t\t<\/div>\n\t\t\t\t<\/div>\n\t\t\t\t\t<\/div>\n\t\t<\/div>\n\t\t\t\t\t<\/div>\n\t\t<\/section>\n\t\t\t\t\t<\/div>\n\t\t<\/div>\n\t\t\t\t\t<\/div>\n\t\t<\/section>\n\t\t<div class=\"elementor-element elementor-element-90eb30e e-flex e-con-boxed e-con e-child\" data-id=\"90eb30e\" data-element_type=\"container\" data-settings=\"{&quot;background_background&quot;:&quot;classic&quot;,&quot;position&quot;:&quot;fixed&quot;}\">\n\t\t\t\t\t<div class=\"e-con-inner\">\n\t\t<div class=\"elementor-element elementor-element-beca75b e-con-full elementor-hidden-tablet elementor-hidden-mobile e-flex e-con e-child\" data-id=\"beca75b\" data-element_type=\"container\">\n\t\t\t\t<\/div>\n\t\t<div class=\"elementor-element elementor-element-ba1e81d e-con-full e-flex e-con e-child\" data-id=\"ba1e81d\" data-element_type=\"container\">\n\t\t\t\t<div class=\"elementor-element elementor-element-1cc9b9d e-transform elementor-widget elementor-widget-text-editor\" data-id=\"1cc9b9d\" data-element_type=\"widget\" data-settings=\"{&quot;motion_fx_motion_fx_mouse&quot;:&quot;yes&quot;,&quot;_transform_skewX_effect_hover&quot;:{&quot;unit&quot;:&quot;px&quot;,&quot;size&quot;:-5,&quot;sizes&quot;:[]},&quot;_transform_skewX_effect_hover_laptop&quot;:{&quot;unit&quot;:&quot;deg&quot;,&quot;size&quot;:&quot;&quot;,&quot;sizes&quot;:[]},&quot;_transform_skewX_effect_hover_tablet&quot;:{&quot;unit&quot;:&quot;deg&quot;,&quot;size&quot;:&quot;&quot;,&quot;sizes&quot;:[]},&quot;_transform_skewX_effect_hover_mobile&quot;:{&quot;unit&quot;:&quot;deg&quot;,&quot;size&quot;:&quot;&quot;,&quot;sizes&quot;:[]},&quot;_transform_skewY_effect_hover&quot;:{&quot;unit&quot;:&quot;px&quot;,&quot;size&quot;:&quot;&quot;,&quot;sizes&quot;:[]},&quot;_transform_skewY_effect_hover_laptop&quot;:{&quot;unit&quot;:&quot;deg&quot;,&quot;size&quot;:&quot;&quot;,&quot;sizes&quot;:[]},&quot;_transform_skewY_effect_hover_tablet&quot;:{&quot;unit&quot;:&quot;deg&quot;,&quot;size&quot;:&quot;&quot;,&quot;sizes&quot;:[]},&quot;_transform_skewY_effect_hover_mobile&quot;:{&quot;unit&quot;:&quot;deg&quot;,&quot;size&quot;:&quot;&quot;,&quot;sizes&quot;:[]}}\" data-widget_type=\"text-editor.default\">\n\t\t\t\t<div class=\"elementor-widget-container\">\n\t\t\t\t\t\t\t<h6><a href=\"https:\/\/www.instagram.com\/majself_neptun\/?hl=sk\">Instagram<\/a> \u00a0 \u00a0 \u00a0<a href=\"https:\/\/www.tiktok.com\/@majself\">TikTok \u00a0 \u00a0 \u00a0<\/a><a href=\"https:\/\/open.spotify.com\/artist\/4uGlaZn0LSybHkHFEKBOV2\">Spotify<\/a><\/h6>\t\t\t\t\t\t<\/div>\n\t\t\t\t<\/div>\n\t\t\t\t<\/div>\n\t\t\t\t\t<\/div>\n\t\t\t\t<\/div>\n\t\t\t\t<\/div>\n\t\t","protected":false},"excerpt":{"rendered":"<p>Michael \u0160vehla Umeleck\u00fdm menom Majself, je slovensk\u00fd raper a hudobn\u00edk. Svoju prv\u00fa skladbu vydal v roku 2006, naplno sa hudbe venuje od roku 2010.\u00a0 M\u00e1 na konte vydanie siedmich albumov: Siedmy archanjel (2012), Parf\u00e9m (2013), Eden (2015), Neptun (2016), Trip(2017), Romeo a J\u00falia (2019) a Porcel\u00e1n (2021). Skladba \u201eTalizman\u201c, poch\u00e1dzaj\u00faca z albumu Trip, sa stala [&hellip;]<\/p>\n","protected":false},"author":1,"featured_media":0,"parent":0,"menu_order":0,"comment_status":"closed","ping_status":"closed","template":"page-full-width.php","meta":{"footnotes":""},"class_list":["post-1534","page","type-page","status-publish","hentry"],"yoast_head":"<!-- This site is optimized with the Yoast SEO plugin v24.0 - https:\/\/yoast.com\/wordpress\/plugins\/seo\/ -->\n<title>BIO - official website<\/title>\n<meta name=\"robots\" content=\"index, follow, max-snippet:-1, max-image-preview:large, max-video-preview:-1\" \/>\n<link rel=\"canonical\" href=\"https:\/\/www.majself.sk\/index.php\/about-me-2\/\" \/>\n<meta property=\"og:locale\" content=\"sk_SK\" \/>\n<meta property=\"og:type\" content=\"article\" \/>\n<meta property=\"og:title\" content=\"BIO - official website\" \/>\n<meta property=\"og:description\" content=\"Michael \u0160vehla Umeleck\u00fdm menom Majself, je slovensk\u00fd raper a hudobn\u00edk. Svoju prv\u00fa skladbu vydal v roku 2006, naplno sa hudbe venuje od roku 2010.\u00a0 M\u00e1 na konte vydanie siedmich albumov: Siedmy archanjel (2012), Parf\u00e9m (2013), Eden (2015), Neptun (2016), Trip(2017), Romeo a J\u00falia (2019) a Porcel\u00e1n (2021). Skladba \u201eTalizman\u201c, poch\u00e1dzaj\u00faca z albumu Trip, sa stala [&hellip;]\" \/>\n<meta property=\"og:url\" content=\"https:\/\/www.majself.sk\/index.php\/about-me-2\/\" \/>\n<meta property=\"og:site_name\" content=\"official website\" \/>\n<meta property=\"article:modified_time\" content=\"2024-12-06T08:09:46+00:00\" \/>\n<meta property=\"og:image\" content=\"https:\/\/www.majself.sk\/wp-content\/uploads\/2021\/06\/h5-logo-img-02.png\" \/>\n\t<meta property=\"og:image:width\" content=\"45\" \/>\n\t<meta property=\"og:image:height\" content=\"20\" \/>\n\t<meta property=\"og:image:type\" content=\"image\/png\" \/>\n<meta name=\"twitter:card\" content=\"summary_large_image\" \/>\n<meta name=\"twitter:label1\" content=\"Predpokladan\u00fd \u010das \u010d\u00edtania\" \/>\n\t<meta name=\"twitter:data1\" content=\"1 min\u00fata\" \/>\n<script type=\"application\/ld+json\" class=\"yoast-schema-graph\">{\"@context\":\"https:\/\/schema.org\",\"@graph\":[{\"@type\":\"WebPage\",\"@id\":\"https:\/\/www.majself.sk\/index.php\/about-me-2\/\",\"url\":\"https:\/\/www.majself.sk\/index.php\/about-me-2\/\",\"name\":\"BIO - official website\",\"isPartOf\":{\"@id\":\"https:\/\/www.majself.sk\/#website\"},\"datePublished\":\"2021-06-21T09:40:04+00:00\",\"dateModified\":\"2024-12-06T08:09:46+00:00\",\"breadcrumb\":{\"@id\":\"https:\/\/www.majself.sk\/index.php\/about-me-2\/#breadcrumb\"},\"inLanguage\":\"sk-SK\",\"potentialAction\":[{\"@type\":\"ReadAction\",\"target\":[\"https:\/\/www.majself.sk\/index.php\/about-me-2\/\"]}]},{\"@type\":\"BreadcrumbList\",\"@id\":\"https:\/\/www.majself.sk\/index.php\/about-me-2\/#breadcrumb\",\"itemListElement\":[{\"@type\":\"ListItem\",\"position\":1,\"name\":\"Domovsk\u00e1 str\u00e1nka\",\"item\":\"https:\/\/www.majself.sk\/\"},{\"@type\":\"ListItem\",\"position\":2,\"name\":\"BIO\"}]},{\"@type\":\"WebSite\",\"@id\":\"https:\/\/www.majself.sk\/#website\",\"url\":\"https:\/\/www.majself.sk\/\",\"name\":\"Majself - official website\",\"description\":\"official website\",\"publisher\":{\"@id\":\"https:\/\/www.majself.sk\/#organization\"},\"alternateName\":\"Majself\",\"potentialAction\":[{\"@type\":\"SearchAction\",\"target\":{\"@type\":\"EntryPoint\",\"urlTemplate\":\"https:\/\/www.majself.sk\/?s={search_term_string}\"},\"query-input\":{\"@type\":\"PropertyValueSpecification\",\"valueRequired\":true,\"valueName\":\"search_term_string\"}}],\"inLanguage\":\"sk-SK\"},{\"@type\":\"Organization\",\"@id\":\"https:\/\/www.majself.sk\/#organization\",\"name\":\"Majself\",\"url\":\"https:\/\/www.majself.sk\/\",\"logo\":{\"@type\":\"ImageObject\",\"inLanguage\":\"sk-SK\",\"@id\":\"https:\/\/www.majself.sk\/#\/schema\/logo\/image\/\",\"url\":\"https:\/\/www.majself.sk\/wp-content\/uploads\/2021\/06\/h5-logo-img-02.png\",\"contentUrl\":\"https:\/\/www.majself.sk\/wp-content\/uploads\/2021\/06\/h5-logo-img-02.png\",\"width\":45,\"height\":20,\"caption\":\"Majself\"},\"image\":{\"@id\":\"https:\/\/www.majself.sk\/#\/schema\/logo\/image\/\"}}]}<\/script>\n<!-- \/ Yoast SEO plugin. -->","yoast_head_json":{"title":"BIO - official website","robots":{"index":"index","follow":"follow","max-snippet":"max-snippet:-1","max-image-preview":"max-image-preview:large","max-video-preview":"max-video-preview:-1"},"canonical":"https:\/\/www.majself.sk\/index.php\/about-me-2\/","og_locale":"sk_SK","og_type":"article","og_title":"BIO - official website","og_description":"Michael \u0160vehla Umeleck\u00fdm menom Majself, je slovensk\u00fd raper a hudobn\u00edk. Svoju prv\u00fa skladbu vydal v roku 2006, naplno sa hudbe venuje od roku 2010.\u00a0 M\u00e1 na konte vydanie siedmich albumov: Siedmy archanjel (2012), Parf\u00e9m (2013), Eden (2015), Neptun (2016), Trip(2017), Romeo a J\u00falia (2019) a Porcel\u00e1n (2021). Skladba \u201eTalizman\u201c, poch\u00e1dzaj\u00faca z albumu Trip, sa stala [&hellip;]","og_url":"https:\/\/www.majself.sk\/index.php\/about-me-2\/","og_site_name":"official website","article_modified_time":"2024-12-06T08:09:46+00:00","og_image":[{"width":45,"height":20,"url":"https:\/\/www.majself.sk\/wp-content\/uploads\/2021\/06\/h5-logo-img-02.png","type":"image\/png"}],"twitter_card":"summary_large_image","twitter_misc":{"Predpokladan\u00fd \u010das \u010d\u00edtania":"1 min\u00fata"},"schema":{"@context":"https:\/\/schema.org","@graph":[{"@type":"WebPage","@id":"https:\/\/www.majself.sk\/index.php\/about-me-2\/","url":"https:\/\/www.majself.sk\/index.php\/about-me-2\/","name":"BIO - official website","isPartOf":{"@id":"https:\/\/www.majself.sk\/#website"},"datePublished":"2021-06-21T09:40:04+00:00","dateModified":"2024-12-06T08:09:46+00:00","breadcrumb":{"@id":"https:\/\/www.majself.sk\/index.php\/about-me-2\/#breadcrumb"},"inLanguage":"sk-SK","potentialAction":[{"@type":"ReadAction","target":["https:\/\/www.majself.sk\/index.php\/about-me-2\/"]}]},{"@type":"BreadcrumbList","@id":"https:\/\/www.majself.sk\/index.php\/about-me-2\/#breadcrumb","itemListElement":[{"@type":"ListItem","position":1,"name":"Domovsk\u00e1 str\u00e1nka","item":"https:\/\/www.majself.sk\/"},{"@type":"ListItem","position":2,"name":"BIO"}]},{"@type":"WebSite","@id":"https:\/\/www.majself.sk\/#website","url":"https:\/\/www.majself.sk\/","name":"Majself - official website","description":"official website","publisher":{"@id":"https:\/\/www.majself.sk\/#organization"},"alternateName":"Majself","potentialAction":[{"@type":"SearchAction","target":{"@type":"EntryPoint","urlTemplate":"https:\/\/www.majself.sk\/?s={search_term_string}"},"query-input":{"@type":"PropertyValueSpecification","valueRequired":true,"valueName":"search_term_string"}}],"inLanguage":"sk-SK"},{"@type":"Organization","@id":"https:\/\/www.majself.sk\/#organization","name":"Majself","url":"https:\/\/www.majself.sk\/","logo":{"@type":"ImageObject","inLanguage":"sk-SK","@id":"https:\/\/www.majself.sk\/#\/schema\/logo\/image\/","url":"https:\/\/www.majself.sk\/wp-content\/uploads\/2021\/06\/h5-logo-img-02.png","contentUrl":"https:\/\/www.majself.sk\/wp-content\/uploads\/2021\/06\/h5-logo-img-02.png","width":45,"height":20,"caption":"Majself"},"image":{"@id":"https:\/\/www.majself.sk\/#\/schema\/logo\/image\/"}}]}},"_links":{"self":[{"href":"https:\/\/www.majself.sk\/index.php\/wp-json\/wp\/v2\/pages\/1534","targetHints":{"allow":["GET"]}}],"collection":[{"href":"https:\/\/www.majself.sk\/index.php\/wp-json\/wp\/v2\/pages"}],"about":[{"href":"https:\/\/www.majself.sk\/index.php\/wp-json\/wp\/v2\/types\/page"}],"author":[{"embeddable":true,"href":"https:\/\/www.majself.sk\/index.php\/wp-json\/wp\/v2\/users\/1"}],"replies":[{"embeddable":true,"href":"https:\/\/www.majself.sk\/index.php\/wp-json\/wp\/v2\/comments?post=1534"}],"version-history":[{"count":54,"href":"https:\/\/www.majself.sk\/index.php\/wp-json\/wp\/v2\/pages\/1534\/revisions"}],"predecessor-version":[{"id":9122,"href":"https:\/\/www.majself.sk\/index.php\/wp-json\/wp\/v2\/pages\/1534\/revisions\/9122"}],"wp:attachment":[{"href":"https:\/\/www.majself.sk\/index.php\/wp-json\/wp\/v2\/media?parent=1534"}],"curies":[{"name":"wp","href":"https:\/\/api.w.org\/{rel}","templated":true}]}}